?
2, 17
Suppose -4*q + 15 = 3. Let w be -2*(-2 + q) + -5. Let r = w - -15. What are the prime factors of r?
2
Suppose -4*m + 5*w + 2 = -2, -3*w = 3*m - 3. List the prime factors of (6 - 1) + -1*m.
2
Let n(q) = -13*q**3 + q**2 - 1. Let x be n(-1). Let d be 2/(-6) - x/(-3). Suppose -5*t = u - 70, -d*t + 4*u - 18 = -50. List the prime factors of t.
13
Let f(b) = b**2 + b**2 - 4*b - 4*b**2 - 3 + b**3. Let v be f(-2). What are the prime factors of (-1 - -2)/((-1)/v)?
11
Suppose 0 = 3*k - 2*d - 377, -3*k + 17*d - 14*d + 375 = 0. What are the prime factors of k?
127
Let l(f) = f**2 + 7*f - 12. Let h be l(-10). Let k be 4/h - 1160/(-45). List the prime factors of (-150)/(-39) + 4/k.
2
Suppose 5*j - 22 = d - 2*d, 0 = -3*d + 6. Let f(u) = u + 2. What are the prime factors of f(j)?
2, 3
Let i(q) = 0*q**2 - q**2 - 4*q - q - 4. Let c be i(-3). Suppose c = j - 8. What are the prime factors of j?
2, 5
Let o(p) = p + 10. Let d be o(-15). Let m = 12 - d. What are the prime factors of m?
17
Let y(o) = 44*o**3 + o**2 + o + 1. Let k be y(-1). Let g = -29 - k. List the prime factors of g.
2, 7
Let f = 18 + -24. List the prime factors of 1 + -2*(f - -2).
3
Suppose -5*g = -g - 2*p - 108, g + 4*p = 45. List the prime factors of g.
29
Suppose -9*m = -1026 + 243. List the prime factors of m.
3, 29
Suppose 5*b - b = 20. Suppose -3*h = -4*h - b*x + 37, -9 = -2*h + 3*x. What are the prime factors of h?
2, 3
Let u(i) = i**2 - 5*i + 5. List the prime factors of u(10).
5, 11
Let p(h) = 6*h + 2. Let u be p(-2). Let c = -12 + 28. Let z = u + c. What are the prime factors of z?
2, 3
Let p(l) = l**3 + 7*l**2 + 2*l + 9. What are the prime factors of p(-6)?
3, 11
Suppose 0 = 5*i - 10 - 5. Let v = i + 0. Suppose v*s - 24 = -0. What are the prime factors of s?
2
Suppose 0 = -3*n - 2*n. Suppose 2*k + 0*k = n. Suppose k = -z - 0*z + 7. What are the prime factors of z?
7
Let k = -22 + 30. List the prime factors of k.
2
Let y be 1*-2 + 1*-4. Let j = -4 - -5. List the prime factors of j/2 - y/4.
2
Let m = -20 + 113. Suppose 5*t + 4*l - 7 = 4*t, 4*t - m = -3*l. What are the prime factors of t?
3
Let f = 2 - 4. List the prime factors of (12/(-18))/(f/21).
7
Let r = 3 + 9. Suppose s + 2*s = r. List the prime factors of s.
2
Suppose -4 - 5 = -3*b. Suppose 0 = -l + 2*l - 1. Let z = b - l. List the prime factors of z.
2
Let v(h) be the second derivative of h**4/12 - 2*h**3/3 - 2*h**2 + h. Suppose 4*o - 6 = 3*o. List the prime factors of v(o).
2
Suppose 2*j - 64 = -0*j. What are the prime factors of j?
2
Suppose z + 92 = 3*z. What are the prime factors of z?
2, 23
Let j(u) = -u**2 - 10*u - 10. Let i(d) = -d**2 + 1. Let a(p) = 2*i(p) - j(p). Let z be a(11). What are the prime factors of z - (3*10)/(-3)?
11
Let j(i) = 10*i**2 - i + 8. List the prime factors of j(-5).
263
Let c(w) = -w**3 - 6*w**2 + 6*w - 3. Let m be c(-7). Suppose -m*t = -55 + 3. What are the prime factors of t?
13
Suppose 4*v - 79 = -5*z, z + 64 = 3*v - 0*z. Suppose -2*g + v = -2*f - 5*g, 5*g - 45 = 2*f. Let k = f - -25. List the prime factors of k.
2, 5
Let d(n) = 22*n + 9. What are the prime factors of d(2)?
53
Let c(s) = 3*s**2 - s - 11. Let z(d) = -2*d**2 + d + 6. Let p(n) = -3*c(n) - 5*z(n). List the prime factors of p(5).
2, 3
Let c(l) = 2*l**2 + 10*l - 3. What are the prime factors of c(-7)?
5
Suppose 0*r + 2*r - 4 = 0. Suppose -x + 15 = r. What are the prime factors of x?
13
Let t(i) be the third derivative of i**4/24 + i**3/6 + 3*i**2. Let o be t(0). List the prime factors of (-5)/10*(-11 - o).
2, 3
Let x(p) = -8*p**2 + p**2 - 5 - 9*p + 0*p**3 - p**3. List the prime factors of x(-6).
13
Suppose -19 = -5*y + 6. Suppose 5*j - 2*r = 6*j - 15, 0 = -y*j + 5*r + 105. List the prime factors of j.
19
Let w(d) = 50*d - 6*d**3 + 29*d**2 + 16 + 19 + 1. Let n(l) = l**3 - 6*l**2 - 10*l - 7. Let v(c) = 11*n(c) + 2*w(c). List the prime factors of v(-7).
2
Let i be 1/(-2*2/196). What are the prime factors of 2/(-7) - 112/i?
2
Suppose 0*w + 51 = -3*w. Let m = w - -24. What are the prime factors of m?
7
Let w be 4/(-18) + (-152)/(-36). Suppose 4*h - 20 = w*y, -4*y + 0*y - 5*h - 56 = 0. Let p(x) = x**2 + 9*x + 5. What are the prime factors of p(y)?
5
Let g be ((0 + -1)*3)/(-1). Suppose 2*l = 2*b - 72, -b + 4*l - 9 = -39. Suppose m + g*k = 20 + 11, 0 = 3*m - 2*k - b. What are the prime factors of m?
2
Let j = -51 + 113. Suppose 3*z + n = j, 5*z - n = n + 85. List the prime factors of z.
19
Let z(c) = -c + 10. Let a be z(7). Suppose 2*q + a*u - 29 = 0, q - 3*u - 9 - 10 = 0. Suppose q = -3*v + 55. List the prime factors of v.
13
Let x(g) = g + 14. List the prime factors of x(0).
2, 7
Let b be (-2)/(-2) - (2 + -3). Let x(u) = -2*u + 3. Let w be x(3). Let c = b - w. What are the prime factors of c?
5
Let w be (5/2)/(2/4). Let l(a) = a**3 + 10*a**2 + 11*a + 10. Let j be l(-9). List the prime factors of 15/w - j/2.
7
List the prime factors of 118/(-4)*(-8 - -4).
2, 59
Let u be (216/(-20))/(1/(-5)). Suppose 4*s - u = 2*n, -4*s + n - 4*n + 39 = 0. What are the prime factors of s?
2, 3
Let s = 218 + -125. What are the prime factors of s?
3, 31
Let n be -71 + (-3 - -5) - -1. Let r = -45 - n. What are the prime factors of r?
23
Let a(z) = -5*z**3 - z - 1. Let b be a(-1). Suppose 255 = b*d + 25. Suppose -5*g = -d - 49. List the prime factors of g.
19
Let r = 357 - 237. Suppose r - 39 = 3*p. List the prime factors of p.
3
Let p(f) = -113*f**3 + f**2 + 2*f + 1. List the prime factors of p(-1).
113
What are the prime factors of 16/3*12/8?
2
Let z be 1216/88 + 2/11. Let c = 21 - z. What are the prime factors of c?
7
Suppose 2*g + 3*o - 39 = 133, 5*o - 20 = 0. List the prime factors of g.
2, 5
Let z be (3 + (-31)/(-4))*4. Suppose -3*u + 2*h + z = 0, -u = -2*u - 3*h + 7. List the prime factors of u.
13
Let n(h) be the second derivative of -5/12*h**4 + 0 + 4*h - 5/6*h**3 + h**2 + 1/20*h**5. List the prime factors of n(6).
2
Suppose 5*x - 3*q - 3 - 18 = 0, 0 = 3*x - 2*q - 12. Suppose -b = b - x. List the prime factors of b.
3
Suppose -5*l + 0*l = -10. Suppose 5*m - l*a = 91, 0*a = 3*m - a - 54. What are the prime factors of m?
17
Let z be 8 + -13 + (0 - 0). What are the prime factors of 145/6 + z/30?
2, 3
Suppose 5*r - 328 - 402 = 0. What are the prime factors of r?
2, 73
Let s be (2 + 10/(-4))*-22. Suppose -k = -4*p + 5*p + s, -5*k - 56 = 4*p. List the prime factors of (-4)/3*k/8.
2
Suppose -2*s - 2*c = -480, -2*s + c = -c - 480. List the prime factors of s.
2, 3, 5
Let z(q) = -2*q - 2. Let v be z(-4). Suppose 0 = 2*w + 4*p + 16, -4*w + v*p = 2*p - 16. Let s = w + 6. List the prime factors of s.
2, 3
Let j = -4 - 0. Let k = -8 - j. What are the prime factors of (-1)/k - 81/(-12)?
7
Let c(r) = r**2 + 2*r + 4. Let j be c(-3). What are the prime factors of j/(7/(-24))*-1?
2, 3
Let b = -173 + 354. List the prime factors of b.
181
Suppose 0 = -q - 5*f + 48, 5*q + 53 = f + 345. Suppose -2*m + q + 32 = 0. What are the prime factors of m?
3, 5
Let h(g) = 2*g**3 - g**3 + g**2 + 2*g - g. Let l be h(0). List the prime factors of l/(-1) - -1*2.
2
Let r(n) = n**3 + 4*n**2 - 6*n - 3. Let g be r(-4). Suppose -g - 7 = -4*z. List the prime factors of z.
7
Suppose 3*o = -2*o - 80. List the prime factors of o/5*10/(-4).
2
Let b(g) = g**3 - g**2 + 3*g - 6. What are the prime factors of b(4)?
2, 3
Let x = -12 - -18. Let i(z) = 0 - z**3 + 4 - 6 - 2*z**2 - x*z - 2*z**2. List the prime factors of i(-4).
2, 11
Let l = -121 + 176. List the prime factors of l.
5, 11
Let d(k) = -200*k - 3. List the prime factors of d(-1).
197
Let q = -6 - 0. List the prime factors of 1/q*2*-6.
2
Suppose 6*v + 115 - 397 = 0. What are the prime factors of v?
47
Let z(o) = -3*o**3 - 4*o**2 + o + 8. What are the prime factors of z(-5)?
2, 139
Suppose -6 = 2*k, 3*k + 9 - 40 = -5*u. Let i = u + -6. List the prime factors of i.
2
Let q be (-540)/(-66) - 2/11. Let l(p) = -p + 6*p + p + p**2 - q. List the prime factors of l(-8).
2
List the prime factors of (-1272)/(-40) + 2/10.
2
Suppose 2*b + 1 = -5*k, -2*k + 3*k - b = -3. Let p be (6 + k)/((-1)/(-1)). Let s = 9 - p. What are the prime factors of s?
2
Suppose -2*w + 5*w = 6. What are the prime factors of (2 - 4*-6)/w?
13
Let d(j) be the first derivative of 1/3*j**3 - 6*j - 1 - 3/2*j**2. What are the prime factors of d(5)?
2
Let w(h) = -3*h + 8. What are t